66 is divided by 138?
28
What is the remainder when 1204 is divided by 17?
14
What is the remainder when 40058 is divided by 5711?
81
What is the remainder when 22435 is divided by 295?
15
What is the remainder when 7652 is divided by 3807?
38
What is the remainder when 13666 is divided by 4554?
4
Calculate the remainder when 49025 is divided by 4900.
25
Calculate the remainder when 437803 is divided by 45.
43
What is the remainder when 9701 is divided by 43?
26
Calculate the remainder when 2121 is divided by 2111.
10
Calculate the remainder when 1281 is divided by 347.
240
What is the remainder when 24 is divided by 13?
11
Calculate the remainder when 143749 is divided by 7.
4
What is the remainder when 3410 is divided by 42?
8
What is the remainder when 226561 is divided by 226560?
1
Calculate the remainder when 47627 is divided by 10.
7
Calculate the remainder when 103543 is divided by 1218.
13
What is the remainder when 72352 is divided by 893?
19
What is the remainder when 2285861 is divided by 9330?
11
What is the remainder when 931320 is divided by 1672?
16
What is the remainder when 10056 is divided by 89?
88
What is the remainder when 430888 is divided by 31?
19
What is the remainder when 2067 is divided by 1765?
302
Calculate the remainder when 54801 is divided by 378.
369
Calculate the remainder when 10001 is divided by 61.
58
Calculate the remainder when 4858 is divided by 867.
523
Calculate the remainder when 4648 is divided by 516.
4
What is the remainder when 5760 is divided by 251?
238
What is the remainder when 361007 is divided by 981?
980
Calculate the remainder when 5453 is divided by 44.
41
What is the remainder when 24267 is divided by 25?
17
What is the remainder when 52188 is divided by 10?
8
Calculate the remainder when 1016 is divided by 116.
88
What is the remainder when 3947 is divided by 152?
147
What is the remainder when 55726 is divided by 5061?
55
What is the remainder when 1002 is divided by 163?
24
Calculate the remainder when 371 is divided by 118.
17
Calculate the remainder when 47739 is divided by 94.
81
Calculate the remainder when 2411 is divided by 39.
32
What is the remainder when 474 is divided by 114?
18
What is the remainder when 357905 is divided by 16?
1
Calculate the remainder when 1657624 is divided by 53.
49
Calculate the remainder when 30214 is divided by 12.
10
What is the remainder when 447 is divided by 154?
139
Calculate the remainder when 55610 is divided by 18535.
5
Calculate the remainder when 2473 is divided by 832.
809
Calculate the remainder when 28455 is divided by 14221.
13
Calculate the remainder when 3619 is divided by 838.
267
Calculate the remainder when 8603 is divided by 2115.
143
What is the remainder when 13347 is divided by 13146?
201
What is the remainder when 16872 is divided by 433?
418
What is the remainder when 143846 is divided by 42?
38
What is the remainder when 56062 is divided by 18660?
82
Calculate the remainder when 365 is divided by 137.
91
What is the remainder when 5188 is divided by 176?
84
What is the remainder when 7660 is divided by 217?
65
What is the remainder when 5172522 is divided by 27?
24
What is the remainder when 14453 is divided by 93?
38
Calculate the remainder when 980233 is divided by 538.
535
What is the remainder when 79749 is divided by 19937?
1
Calculate the remainder when 43291 is divided by 43241.
50
Calculate the remainder when 644297 is divided by 17.
14
Calculate the remainder when 26209 is divided by 49.
43
Calculate the remainder when 1390 is divided by 27.
13
What is the remainder when 56492 is divided by 8?
4
What is the remainder when 173788 is divided by 10?
8
What is the remainder when 182392 is divided by 950?
942
Calculate the remainder when 5262 is divided by 4.
2
What is the remainder when 127528 is divided by 15?
13
Calculate the remainder when 2435268 is divided by 10.
8
Calculate the remainder when 106678 is divided by 210.
208
Calculate the remainder when 21594 is divided by 68.
38
Calculate the remainder when 26284 is divided by 53.
49
Calculate the remainder when 5740 is divided by 40.
20
Calculate the remainder when 126260 is divided by 11.
2
What is the remainder when 25857 is divided by 1548?
1089
What is the remainder when 22647 is divided by 8?
7
Calculate the remainder when 67546 is divided by 278.
270
Calculate the remainder when 33200 is divided by 51.
50
Calculate the remainder when 4573 is divided by 335.
218
What is the remainder when 249928 is divided by 38?
2
What is the remainder when 1668 is divided by 19?
15
What is the remainder when 3006 is divided by 67?
58
What is the remainder when 4798 is divided by 15?
13
What is the remainder when 13461 is divided by 43?
2
Calculate the remainder when 1722 is divided by 98.
56
Calculate the remainder when 1689062 is divided by 218.
216
Calculate the remainder when 2088 is divided by 953.
182
What is the remainder when 84795 is divided by 28255?
30
Calculate the remainder when 1356 is divided by 643.
70
What is the remainder when 60331 is divided by 357?
355
Calculate the remainder when 23855 is divided by 392.
335
Calculate the remainder when 6502 is divided by 428.
82
Calculate the remainder when 42356 is divided by 69.
59
What is the remainder when 6305 is divided by 61?
22
What is the remainder when 3764 is divided by 25?
14
What is the remainder when 1617 is divided by 525?
42
What is the remainder when 592385 is divided by 197448?
41
What is the remainder when 71071 is divided by 295?
271
What is the remainder when 15462 is divided by 442?
434
What is the remainder when 102017 is divided by 7286?
13
Calculate the remainder when 70874 is divided by 13.
11
Calculate the remainder when 2903 is divided by 8.
7
Calculate the remainder when 279559 is divided by 4111.
11
Calculate the remainder when 3919 is divided by 3823.
96
Calculate the remainder when 41852 is divided by 143.
96
Calculate the remainder when 238361 is divided by 2270.
11
What is the remainder when 2826 is divided by 31?
5
What is the remainder when 5035 is divided by 628?
11
What is the remainder when 6155 is divided by 3049?
57
Calculate the remainder when 16908 is divided by 192.
12
Calculate the remainder when 27289 is divided by 88.
9
What is the remainder when 1458029 is divided by 262?
261
What is the remainder when 26648 is divided by 6661?
4
What is the remainder when 6865 is divided by 25?
15
What is the remainder when 23275 is divided by 53?
8
What is the remainder when 13213 is divided by 192?
157
Calculate the remainder when 20997 is divided by 6971.
84
What is the remainder when 1409 is divided by 76?
41
Calculate the remainder when 1743 is divided by 1586.
157
What is the remainder when 38569 is divided by 344?
41
What is the remainder when 22886 is divided by 432?
422
Calculate the remainder when 32356 is divided by 1155.
16
Calculate the remainder when 3648 is divided by 1817.
14
What is the remainder when 15762 is divided by 359?
325
Calculate the remainder when 6615 is divided by 37.
29
What is the remainder when 15489 is divided by 7695?
99
What is the remainder when 28743 is divided by 25?
18
What is the remainder when 3847 is divided by 94?
87
Calculate the remainder when 1601547 is divided by 9.
6
Calculate the remainder when 47046 is divided by 38.
2
What is the remainder when 2691 is divided by 335?
11
Calculate the remainder when 227030 is divided by 1051.
14
Calculate the remainder when 3347 is divided by 242.
201
Calculate the remainder when 18491 is divided by 42.
11
Calculate the remainder when 44857 is divided by 666.
235
What is the remainder when 7013 is divided by 8?
5
What is the remainder when 18160 is divided by 302?
40
Calculate the remainder when 4017 is divided by 2003.
11
Calculate the remainder when 14178 is divided by 66.
54
Calculate the remainder when 5774 is divided by 515.
109
What is the remainder when 123869 is divided by 56?
53
Calculate the remainder when 7810 is divided by 709.
11
Calculate the remainder when 185074 is divided by 12.
10
Calculate the remainder when 65507 is divided by 24.
11
Calculate the remainder when 33064 is divided by 99.
97
Calculate the remainder when 3767 is divided by 937.
19
Calculate the remainder when 815 is